x(t) = t**3 - 5*t**2 - 17*t - 21. Calculate x(8).
35
Let a(v) = v**2 - 4*v - 9. Calculate a(7).
12
Let n(w) = 11*w**2 - 1. Calculate n(-2).
43
Let p(t) = 12*t + 25. Calculate p(-3).
-11
Let l(b) = 2*b + 10. Determine l(6).
22
Let m(t) = -t**3 - 10*t**2 + 2*t + 20. Calculate m(-10).
0
Let y(a) = -a**3 - 16*a**2 - 4*a - 21. Calculate y(-16).
43
Let z(h) = -13*h - 239. Give z(-18).
-5
Let w(p) = p**2 + 3*p + 13. Determine w(0).
13
Let s(n) = -5*n**2 - 66*n + 58. What is s(-14)?
2
Let n(l) = l**3 + 9*l**2 + 6*l + 7. Calculate n(-8).
23
Let q(a) = -2*a**2 - a - 2. Give q(2).
-12
Let f(b) = b + 28. Calculate f(-18).
10
Let k(d) = d**2 + 10*d - 1. Calculate k(-9).
-10
Let v(d) = -23*d - 116. Calculate v(-6).
22
Let h(k) = k**2 - 3*k - 11. Calculate h(4).
-7
Let j(o) = o**2 + 7*o + 4. What is j(-5)?
-6
Let z(h) = -h**3 + 6*h**2 + 4*h - 14. Give z(6).
10
Let f(t) = -t + 22. Give f(14).
8
Let o(c) = c**2 - 7*c - 1. Determine o(6).
-7
Let i(v) = 14*v**3 + 3*v**2 + v + 3. Calculate i(2).
129
Let q(g) = -6*g - 1. Give q(-2).
11
Let m(r) = -r**3 + 10*r**2 - 21*r - 14. Give m(6).
4
Let i(o) = -o + 38. Calculate i(19).
19
Let c(q) = -q**2 + 4*q + 2. Determine c(4).
2
Let y(n) = -2*n**2 + 10*n - 10. What is y(1)?
-2
Let m(i) = -2*i**3 + i**2 + 4*i + 6. What is m(-3)?
57
Let d(b) = 4*b - 4. Determine d(-3).
-16
Let l(c) = -c**2 + 8*c + 31. Calculate l(13).
-34
Let b(c) = 29*c - 780. Calculate b(27).
3
Let g(w) = -w**2 - 11*w - 24. What is g(-9)?
-6
Let j(d) = d + 1. Give j(-4).
-3
Let y(v) = v**3 - 4*v**2 - 13*v + 5. Calculate y(5).
-35
Let v(d) = -2*d - 9. Determine v(-4).
-1
Let i(m) = -m**3 - 18*m**2 + 41*m + 7. Determine i(-20).
-13
Let f(z) = z**2 + 2*z - 14. Determine f(0).
-14
Let j(a) = a**2 + 4*a - 232. Give j(0).
-232
Let q(y) = y**3 + 14*y**2 + 4*y - 8. Determine q(-14).
-64
Let z(t) = 3*t + 14. Give z(8).
38
Let c(l) = -2*l - 39. Determine c(-23).
7
Let n(i) = 2*i**3 + 19*i**2 - 11*i - 3. Calculate n(-10).
7
Let d(k) = -k**3 - 2*k**2 + k - 2. Determine d(-3).
4
Let c(a) = a**2 + 22*a - 52. What is c(-24)?
-4
Let v(m) = -m**3 - 8*m**2 - 13*m - 19. What is v(-7)?
23
Let p(u) = -5*u + 19. What is p(5)?
-6
Let w(k) = k**3 - 18*k**2 + 17*k - 38. Give w(17).
-38
Let y(v) = -3*v - 54. Determine y(-8).
-30
Let a(d) = -d**3 + 13*d**2 - d - 136. Determine a(12).
-4
Let q(s) = -3*s + 45. What is q(13)?
6
Let h(g) = -g**3 + 10*g**2 - 25*g - 1. Give h(3).
-13
Let z(w) = 2*w**2 - 9*w - 6. Calculate z(-6).
120
Let m(a) = -a**3 - 14*a**2 - 8*a + 19. What is m(-13)?
-46
Let y(r) = r**3 - 10*r**2 - 21*r - 28. Determine y(12).
8
Let q(r) = r - 15. Give q(-6).
-21
Let t(b) = -b**2 + 7*b + 92. Give t(14).
-6
Let w(v) = -7*v**3 + 2*v**2 - 3*v + 1. Determine w(1).
-7
Let k(b) = 93*b + 367. What is k(-4)?
-5
Let w(v) = 7*v - 17. Determine w(8).
39
Let p(v) = -v**3 + 5*v - 6. Calculate p(2).
-4
Let r(d) = -d**3 - 3*d**2 + 3*d - 2. Determine r(-3).
-11
Let s(d) = d**2 - 15*d - 14. Determine s(17).
20
Let n(h) = -h**2 - 4*h + 8. Determine n(-10).
-52
Let s(n) = -n**3 - 11*n**2 - 9*n + 2. Give s(-10).
-8
Let a(m) = m**2 + 2*m - 20. Calculate a(-6).
4
Let c(n) = -n**3 + 7*n**2 - 3*n + 24. Give c(7).
3
Let t(g) = g - 4. What is t(9)?
5
Let c(l) = -l + 7. Determine c(14).
-7
Let s(g) = 11*g - 181. Calculate s(17).
6
Let a(z) = -z**3 - 4*z**2 + 2*z - 15. Give a(-5).
0
Let v(o) = -o**3 + 12*o**2 - 12*o + 11. Give v(11).
0
Let w(l) = -4*l**2 + 73*l - 11. Determine w(18).
7
Let l(r) = 3*r + 108. What is l(-45)?
-27
Let q(o) = -o**3 + 5*o**2 + 15*o. Calculate q(7).
7
Let l(v) = 34*v - 80. Give l(6).
124
Let j(g) = -10*g + 55. Determine j(12).
-65
Let k(u) = -8*u - 241. What is k(-35)?
39
Let p(h) = -h**3 + 8*h**2 + 5*h - 4. Calculate p(8).
36
Let h(j) = -j + 6. Give h(8).
-2
Let u(h) = h**3 - 13*h**2 - 6*h + 221. Determine u(12).
5
Let l(i) = 2*i**2 - 28*i + 70. Determine l(3).
4
Let s(y) = -8*y - 427. Calculate s(-54).
5
Let k(f) = -f**3 - 12*f**2 - 3*f - 7. Give k(-12).
29
Let q(k) = -8*k - 7. Determine q(-2).
9
Let c(p) = 2*p**3 + 14*p + 25. What is c(-2)?
-19
Let s(q) = -q**3 + q**2 + 3*q + 1. Determine s(4).
-35
Let u(h) = 2*h**2 + 6*h - 11. Calculate u(-6).
25
Let m(j) = -7*j**2 + 38*j - 14. Determine m(5).
1
Let u(p) = p**2 - 9*p + 1. Give u(6).
-17
Let s(y) = 11*y + 1. Determine s(-1).
-10
Let w(v) = 4*v**2 - 5*v - 2. Determine w(4).
42
Let i(f) = 32*f + 411. What is i(-13)?
-5
Let q(t) = -2*t**2 + 7*t + 6. What is q(6)?
-24
Let i(g) = 28*g - 7. Give i(2).
49
Let z(b) = -2*b + 9. Give z(8).
-7
Let p(c) = -c**2 - 15*c - 4. Calculate p(-10).
46
Let t(y) = -7*y - 4. What is t(2)?
-18
Let a(o) = o + 5. What is a(5)?
10
Let f(j) = 4*j + 5. What is f(3)?
17
Let b(l) = -l**2 + 18*l - 34. Determine b(14).
22
Let d(j) = -j**3 + 13*j**2 - 11*j + 1. Give d(12).
13
Let u(v) = v**3 + 3*v**2 - v - 1. Determine u(-3).
2
Let t(x) = x + 6. What is t(5)?
11
Let t(a) = 6*a + 19. Give t(-15).
-71
Let h(p) = -10*p + 249. Calculate h(24).
9
Let a(t) = t**3 - 6*t**2 + 9. Determine a(5).
-16
Let x(g) = 34*g - 89. Give x(3).
13
Let k(m) = -m**2 + m + 6. Determine k(-3).
-6
Let l(s) = -3*s**3 - 43*s**2 - 11*s + 18. Give l(-14).
-24
Let a(y) = y**2 - 2*y - 42. What is a(10)?
38
Let b(x) = 18*x**2 - x + 1. Give b(1).
18
Let r(g) = g**2 - 13*g + 22. Calculate r(11).
0
Let a(o) = -o**3 + 12*o**2 - 11*o + 2. What is a(11)?
2
Let h(s) = s**2 + 6*s - 16. Determine h(-8).
0
Let f(h) = 2*h - 25. Give f(0).
-25
Let z(b) = -4*b + 30. Determine z(5).
10
Let l(s) = 11*s - 25. Calculate l(4).
19
Let n(a) = 5*a - 13. Give n(14).
57
Let b(t) = -t**3 + 4*t**2 + 8*t + 3. Give b(7).
-88
Let x(m) = 3*m + 37. Calculate x(-11).
4
Let f(l) = -4*l**2 - 5*l + 6. Determine f(2).
-20
Let h(l) = l**2 - 7. What is h(3)?
2
Let x(s) = s**2 - 7*s + 8. Calculate x(6).
2
Let y(a) = -a**3 - 9*a**2 + 10*a - 11. What is y(-10)?
-11
Let p(d) = 4*d**2 + 52*d + 1. Determine p(-13).
1
Let y(v) = 4*v**2 + 6*v - 30. Calculate y(-5).
40
Let w(f) = -3*f**2 - 22*f + 9. Give w(-8).
-7
Let d(x) = 2*x + 7. Calculate d(-5).
-3
Let d(y) = y**3 - 5*y**2 + y - 4. Give d(5).
1
Let d(y) = 6*y**3 - y**2 - 6*y + 7. Determine d(2).
39
Let v(u) = -u - 24. What is v(-21)?
-3
Let t(j) = 7*j + 30. Calculate t(-3).
9
Let j(z) = -2*z**2 - 10*z + 1. Determine j(-5).
1
Let i(l) = l**3 + 13*l**2 + 13*l - 8. What is i(-12)?
-20
Let p(x) = -x**3 + 8*x**2 - 4*x + 1. Determine p(4).
49
Let a(n) = -n - 4. Give a(-5).
1
Let v(z) = 2*z**3 + 5*z**2 + 2*z - 3. Give v(-2).
-3
Let u(j) = -24*j - 30. Determine u(3).
-102
Let u(g) = -g**2 + 22. Calculate u(5).
-3
Let a(h) = h**3 - 5*h**2 + h + 3. Give a(3).
-12
Let m(j) = -2*j**2 + 20*j - 23. Calculate m(12).
-71
Let m(b) = 15*b + 2. Calculate m(-1).
-13
Let s(b) = b**3 - 9*b**2 + b + 9. What is s(8)?
-47
Let k(j) = 13*j - 1. Determine k(1).
12
Let p(h) = 5*h - 81. Determine p(24).
39
Let k(y) = 25*y + 198. Determine k(-8).
-2
Let x(h) = h**3 + 5*h**2 - 2*h + 7. What is x(-6)?
-17
Let h(r) = -r**3 - 5*r**2 + 4*r + 5. Give h(-5).
-15
Let q(c) = 76*c - 765. Calculate q(10).
-5
Let n(i) = 16*i**2 - i - 1. What is n(1)?
14
Let h(k) = 9*k + 2. Calculate h(1).
11
Let t(s) = -s**2 + 6*s - 13. Calculate t(2).
-5
Let a(y) = y**3 - 23*y**2 + 42*y - 9. Calculate a(21).
-9
Let u(z) = -z**2 - 5*z + 17. Give u(-8).
-7
Let m(t) = 9*t + 29. Determine m(-8).
-43
Let b(d) = d**3 + 11*d**2 - 8*d - 9. Determine b(-12).
-57
Let c(q) = 6*q - 73. What is c(11)?
-7
Let b(z) = 26*z. What is b(-1)?
-26
Let u(b) = -3*b + 8. Calculate u(5).
-7
Let c(s) = s**2 - 37. Give c(0).
-37
Let f(o) = -2*o**3 + o + 1. Calculate f(-1).
2
Let t(k) = k - 37. Give t(41).
4
Let n(p) = -p**3 - 14*p**2 + 2*p + 9. Give n(-14).
-19
Let v(m) = m - 71. Determine v(57).
-14
Let r(v) = v**2 + 2*v - 7. Determine r(5).
28
Let d(z) = -z**3 - 10*z**2 - 9*z - 5. Give d(-9).
-5
Let r(j) = -j**2 - 6*j + 18. What is r(-6)?
18
Let q(g) = -g**3 - 33*g**2 - 33*g - 32. Calculate q(-32).
0
Let w(o) = -19*o + 104. Determine w(5).
9
Let y(g) = -2*g**2 - 24*g + 63. Determine y(-14).
7
Let r(t) = -t**3 - 9*t**2 - 15*t - 15. What is r(-7)?
-8
Let r(f) = 10*f + 61. What is r(-6)?
1
Let c(q) = -2*q + 18. Give c(6).
6
Let c(b) = -32*b**3 + 3*b**2 + b - 1. Determine c(-1).
33
Let k(t) = 4*t - 4. Determine k(1).
0
Let a(p) = 5*p - 7. What is a(1)?
-2
Let g(k) = -k**3 - k**2 - k - 35. Determine g(0).